{"id":79,"date":"2021-08-06T13:46:44","date_gmt":"2021-08-06T11:46:44","guid":{"rendered":"https:\/\/schulen-rommerskirchen.de\/gillbachschule\/?page_id=79"},"modified":"2024-06-11T10:31:09","modified_gmt":"2024-06-11T08:31:09","slug":"schulsozialarbeit","status":"publish","type":"page","link":"https:\/\/schulen-rommerskirchen.de\/gillbachschule\/schulleben\/schulsozialarbeit\/","title":{"rendered":"Schulsozialarbeit"},"content":{"rendered":"<p>[et_pb_section bb_built=&#8220;1&#8243; _builder_version=&#8220;4.24.3&#8243; _module_preset=&#8220;default&#8220; custom_margin=&#8220;||||false|false&#8220; custom_padding=&#8220;1em||||false|false&#8220; hover_enabled=&#8220;0&#8243; global_colors_info=&#8220;{}&#8220; use_background_color_gradient=&#8220;on&#8220; background_color_gradient_stops=&#8220;#ecf2ff 0%|#ffffff 100%&#8220; background_color_gradient_start=&#8220;#ffffff&#8220; background_color_gradient_start_position=&#8220;10%&#8220; background_color_gradient_end=&#8220;#ecf2ff&#8220; background_image=&#8220;https:\/\/schulen-rommerskirchen.de\/ggs-frixheim\/wp-content\/uploads\/sites\/3\/2023\/03\/shapes-bg-1.png&#8220; parallax=&#8220;on&#8220; sticky_enabled=&#8220;0&#8243;][et_pb_row admin_label=&#8220;ganze bunte Welle &#8211; NICHT L\u00d6SCHEN&#8220; hide_aria_element=&#8220;on&#8220; _builder_version=&#8220;4.21.0&#8243; _module_preset=&#8220;default&#8220; width=&#8220;100%&#8220; max_width=&#8220;100%&#8220; custom_margin=&#8220;0px||||false|false&#8220; custom_padding=&#8220;1em||||false|false&#8220; hover_enabled=&#8220;0&#8243; saved_tabs=&#8220;all&#8220; global_colors_info=&#8220;{}&#8220; background_color=&#8220;RGBA(255,255,255,0)&#8220; sticky_enabled=&#8220;0&#8243; global_module=&#8220;795&#8243;][et_pb_column type=&#8220;4_4&#8243; global_parent=&#8220;795&#8243; _builder_version=&#8220;4.20.1&#8243; _module_preset=&#8220;default&#8220; global_colors_info=&#8220;{}&#8220;][et_pb_image admin_label=&#8220;bunte Welle voll&#8220; global_parent=&#8220;795&#8243; src=&#8220;https:\/\/schulen-rommerskirchen.de\/gillbachschule\/wp-content\/uploads\/sites\/2\/2023\/03\/wel-3f-header-voll.png&#8220; alt=&#8220;Welle&#8220; title_text=&#8220;Welle&#8220; force_fullwidth=&#8220;on&#8220; hide_aria_element=&#8220;on&#8220; _builder_version=&#8220;4.20.1&#8243; _module_preset=&#8220;default&#8220; custom_margin=&#8220;0px||||false|false&#8220; custom_padding=&#8220;0px||||false|false&#8220; global_colors_info=&#8220;{}&#8220; \/][\/et_pb_column][\/et_pb_row][et_pb_row custom_padding_last_edited=&#8220;off|desktop&#8220; _builder_version=&#8220;4.19.5&#8243; _module_preset=&#8220;default&#8220; custom_padding_tablet=&#8220;30px||0px||false|false&#8220; global_colors_info=&#8220;{}&#8220;][et_pb_column type=&#8220;4_4&#8243; _builder_version=&#8220;4.16&#8243; _module_preset=&#8220;default&#8220; global_colors_info=&#8220;{}&#8220;][et_pb_text admin_label=&#8220;\u00dcberschrift&#8220; _builder_version=&#8220;4.21.0&#8243; _module_preset=&#8220;default&#8220; text_orientation=&#8220;center&#8220; global_colors_info=&#8220;{}&#8220;]<\/p>\n<h1>Schulsozialarbeit an der Gillbachschule<\/h1>\n<p>[\/et_pb_text][\/et_pb_column][\/et_pb_row][et_pb_row column_structure=&#8220;2_3,1_3&#8243; _builder_version=&#8220;4.21.0&#8243; _module_preset=&#8220;default&#8220; global_colors_info=&#8220;{}&#8220;][et_pb_column type=&#8220;2_3&#8243; _builder_version=&#8220;4.21.0&#8243; _module_preset=&#8220;default&#8220; global_colors_info=&#8220;{}&#8220;][et_pb_text _builder_version=&#8220;4.21.0&#8243; _module_preset=&#8220;default&#8220; global_colors_info=&#8220;{}&#8220;]<\/p>\n<p>Liebe Eltern und Erziehungsberechtigte,<\/p>\n<p>ich m\u00f6chte mich gerne als Schulsozialarbeiterin der Gillbachschule vorstellen.<\/p>\n<p>Mein Name ist<strong> Simone Sch\u00fcrmann<\/strong> und ich bin <strong>Montag-Donnerstag von 09:00 &#8211; 13:00 Uhr<\/strong> an der Schule vor Ort.<\/p>\n<p>Hier f\u00fchre ich Projekte zum sozialen Lernen mit ganzen Klassen oder in Kleingruppen durch und biete auch eine Sprechstunden f\u00fcr alle Sch\u00fclerinnen und Sch\u00fcler an. Hierbei nehme ich mir viel Zeit und berate die Kinder in allt\u00e4glichen Problemen.<\/p>\n<p>[\/et_pb_text][et_pb_text _builder_version=&#8220;4.22.0&#8243; _module_preset=&#8220;default&#8220; custom_margin=&#8220;2em||||false|false&#8220; global_colors_info=&#8220;{}&#8220;]<\/p>\n<h2>Simone Sch\u00fcrmann<\/h2>\n<table style=\"border-collapse: collapse;border-style: none\" cellspacing=\"0\" cellpadding=\"0\" border=\"0\">\n<tbody>\n<tr>\n<th style=\"width: 30%;padding: 0 15px 0 0;border: 0\">Telefon:<\/th>\n<td style=\"width: 70%;padding: 0;border: 0\"><a href=\"tel:+49-151 70594569\" title=\"Rufen Sie Frau Sch\u00fcrmann an\">0151 70594569<\/a><\/td>\n<\/tr>\n<tr>\n<th style=\"width: 30%;padding: 0 15px 0 0;border: 0\">E-Mail:<\/th>\n<td style=\"width: 70%;padding: 0;border: 0\"><a href=\"mailto:simone.schuermann@rommerskirchen.de\" title=\"Nehmen Sie Kontakt zu Frau Sch\u00fcrmann auf\">simone.schuermann@rommerskirchen.de<\/a><\/td>\n<\/tr>\n<\/tbody>\n<\/table>\n<p>[\/et_pb_text][\/et_pb_column][et_pb_column type=&#8220;1_3&#8243; _builder_version=&#8220;4.21.0&#8243; _module_preset=&#8220;default&#8220; global_colors_info=&#8220;{}&#8220;][et_pb_image src=&#8220;https:\/\/schulen-rommerskirchen.de\/gillbachschule\/wp-content\/uploads\/sites\/2\/2021\/08\/Simone_Schuermann_Portraitfoto.jpg&#8220; alt=&#8220;Simone Sch\u00fcrmann&#8220; title_text=&#8220;Simone Sch\u00fcrmann&#8220; show_in_lightbox=&#8220;on&#8220; _builder_version=&#8220;4.21.0&#8243; _module_preset=&#8220;default&#8220; box_shadow_style=&#8220;preset3&#8243; global_colors_info=&#8220;{}&#8220;]<\/p>\n<p><\/p>\n<p>[\/et_pb_image][\/et_pb_column][\/et_pb_row][et_pb_row column_structure=&#8220;1_2,1_2&#8243; _builder_version=&#8220;4.21.0&#8243; _module_preset=&#8220;default&#8220; global_colors_info=&#8220;{}&#8220;][et_pb_column type=&#8220;1_2&#8243; _builder_version=&#8220;4.20.1&#8243; _module_preset=&#8220;default&#8220; global_colors_info=&#8220;{}&#8220;][et_pb_text _builder_version=&#8220;4.21.0&#8243; _module_preset=&#8220;default&#8220; global_colors_info=&#8220;{}&#8220;]<\/p>\n<h2>Ich bin f\u00fcr Sie da&#8230;<\/h2>\n<p>[\/et_pb_text][et_pb_text _builder_version=&#8220;4.21.0&#8243; _module_preset=&#8220;default&#8220; global_colors_info=&#8220;{}&#8220;]<\/p>\n<p>In meiner <strong>Funktion als Schulsozialarbeiterin<\/strong> bin ich f\u00fcr sie als Eltern und Erziehungsberechtigte da:<\/p>\n<ul>\n<li>wenn Ihr Kind Schwierigkeiten, Sorgen oder \u00c4ngste hat.<\/li>\n<li>wenn Sie sich \u00fcber Erlebnisse Ihres Kindes in der Schule oder zuhause austauschen m\u00f6chten.<\/li>\n<li>wenn Sie f\u00fcr Sich allgemeine soziale Beratung w\u00fcnschen und sich in einer pers\u00f6nlichen oder famili\u00e4ren Notlage befinden.<\/li>\n<li>wenn Sie Hilfsangebote (z.B. Familienhilfe, Therapie, Nachhilfe) suchen<\/li>\n<li>wenn Sie Unterst\u00fctzung oder Vermittlung im Umgang mit Schule ben\u00f6tigen<\/li>\n<\/ul>\n<p>[\/et_pb_text][\/et_pb_column][et_pb_column type=&#8220;1_2&#8243; _builder_version=&#8220;4.20.1&#8243; _module_preset=&#8220;default&#8220; global_colors_info=&#8220;{}&#8220;][et_pb_text _builder_version=&#8220;4.21.0&#8243; _module_preset=&#8220;default&#8220; global_colors_info=&#8220;{}&#8220;]<\/p>\n<h2>Ich berate Sie gerne&#8230;<\/h2>\n<p>[\/et_pb_text][et_pb_text _builder_version=&#8220;4.21.0&#8243; _module_preset=&#8220;default&#8220; global_colors_info=&#8220;{}&#8220;]<\/p>\n<p>Gerne berate ich Sie und helfe in allen Bereichen rund um das <strong>Bildungs- und Teilhabepaket<\/strong>. Hierbei geht es um <strong>Zusch\u00fcsse und Kosten\u00fcbernahmen<\/strong> f\u00fcr:<\/p>\n<ul>\n<li>den Schulbedarf<\/li>\n<li>die Mittagsverpflegung<\/li>\n<li>Ausfl\u00fcge und Gruppen-\/Klassenfahrten<\/li>\n<li>die Lernf\u00f6rderung<\/li>\n<li>den Zuschuss zur Teilnahme an Vereins-, Kultur- oder Ferienangeboten<\/li>\n<\/ul>\n<p>[\/et_pb_text][\/et_pb_column][\/et_pb_row][et_pb_row column_structure=&#8220;2_3,1_3&#8243; _builder_version=&#8220;4.21.0&#8243; _module_preset=&#8220;default&#8220; global_colors_info=&#8220;{}&#8220;][et_pb_column type=&#8220;2_3&#8243; _builder_version=&#8220;4.20.1&#8243; _module_preset=&#8220;default&#8220; global_colors_info=&#8220;{}&#8220;][et_pb_text _builder_version=&#8220;4.21.0&#8243; _module_preset=&#8220;default&#8220; global_colors_info=&#8220;{}&#8220;]<\/p>\n<h2>Ich helfe Ihnen gerne weiter&#8230;<\/h2>\n<p>[\/et_pb_text][et_pb_text _builder_version=&#8220;4.22.0&#8243; _module_preset=&#8220;default&#8220; custom_padding=&#8220;||0px|||&#8220; global_colors_info=&#8220;{}&#8220;]<\/p>\n<p>Ich helfe Ihnen weiter, wenn Sie nicht sicher sind, ob Sie <strong>Anspruch auf Leistungen<\/strong> nach dem <strong>Bildungs- und Teilhabepaket<\/strong> haben. Ich unterst\u00fctze gerne bei der Antragstellung und leite die Unterlagen an die zust\u00e4ndigen \u00c4mter weiter.<\/p>\n<p>Selbstverst\u00e4ndlich werden Ihre Daten vertraulich behandelt und nur dann weitergegeben, wenn dies notwendig ist und Sie damit einverstanden sind.<\/p>\n<p>Unterst\u00fctzen Sie Ihre Kinder, indem Sie <strong>\u201eMitmachen m\u00f6glich machen!\u201c<\/strong><\/p>\n<p>Ich freue mich auf eine gute Zusammenarbeit mit Ihnen und Ihren Kindern.<\/p>\n<p>[\/et_pb_text][\/et_pb_column][et_pb_column type=&#8220;1_3&#8243; _builder_version=&#8220;4.20.1&#8243; _module_preset=&#8220;default&#8220; global_colors_info=&#8220;{}&#8220;][et_pb_image src=&#8220;https:\/\/schulen-rommerskirchen.de\/gillbachschule\/wp-content\/uploads\/sites\/2\/2023\/07\/dummy-imgage.svg&#8220; alt=&#8220;T\u00fcre zur Schulsozialarbeiterin Simone Sch\u00fcrmann&#8220; title_text=&#8220;dummy-imgage&#8220; show_in_lightbox=&#8220;on&#8220; _builder_version=&#8220;4.24.3&#8243; _module_preset=&#8220;default&#8220; box_shadow_style=&#8220;preset3&#8243; global_colors_info=&#8220;{}&#8220; disabled_on=&#8220;on|on|on&#8220; disabled=&#8220;on&#8220;]<\/p>\n<p><\/p>\n<p>[\/et_pb_image][\/et_pb_column][\/et_pb_row][\/et_pb_section]<\/p>\n","protected":false},"excerpt":{"rendered":"<p>Schulsozialarbeit an der Gillbachschule Liebe Eltern und Erziehungsberechtigte, ich m\u00f6chte mich gerne als Schulsozialarbeiterin der Gillbachschule vorstellen. Mein Name ist Simone Sch\u00fcrmann und ich bin Montag-Donnerstag von 09:00 &#8211; 13:00 Uhr an der Schule vor Ort. Hier f\u00fchre ich Projekte zum sozialen Lernen mit ganzen Klassen oder in Kleingruppen durch und biete auch eine Sprechstunden [&hellip;]<\/p>\n","protected":false},"author":1,"featured_media":0,"parent":58,"menu_order":4,"comment_status":"closed","ping_status":"closed","template":"","meta":{"_et_pb_use_builder":"on","_et_pb_old_content":"<!-- wp:divi\/placeholder \/-->","_et_gb_content_width":"","inline_featured_image":false,"footnotes":"","_links_to":"","_links_to_target":""},"class_list":["post-79","page","type-page","status-publish","hentry"],"yoast_head":"<!-- This site is optimized with the Yoast SEO plugin v27.5 - https:\/\/yoast.com\/product\/yoast-seo-wordpress\/ -->\n<title>Schulsozialarbeit - Gillbachschule<\/title>\n<meta name=\"robots\" content=\"index, follow, max-snippet:-1, max-image-preview:large, max-video-preview:-1\" \/>\n<link rel=\"canonical\" href=\"https:\/\/schulen-rommerskirchen.de\/gillbachschule\/schulleben\/schulsozialarbeit\/\" \/>\n<meta property=\"og:locale\" content=\"de_DE\" \/>\n<meta property=\"og:type\" content=\"article\" \/>\n<meta property=\"og:title\" content=\"Schulsozialarbeit - Gillbachschule\" \/>\n<meta property=\"og:description\" content=\"Schulsozialarbeit an der Gillbachschule Liebe Eltern und Erziehungsberechtigte, ich m\u00f6chte mich gerne als Schulsozialarbeiterin der Gillbachschule vorstellen. Mein Name ist Simone Sch\u00fcrmann und ich bin Montag-Donnerstag von 09:00 - 13:00 Uhr an der Schule vor Ort. Hier f\u00fchre ich Projekte zum sozialen Lernen mit ganzen Klassen oder in Kleingruppen durch und biete auch eine Sprechstunden [&hellip;]\" \/>\n<meta property=\"og:url\" content=\"https:\/\/schulen-rommerskirchen.de\/gillbachschule\/schulleben\/schulsozialarbeit\/\" \/>\n<meta property=\"og:site_name\" content=\"Gillbachschule\" \/>\n<meta property=\"article:modified_time\" content=\"2024-06-11T08:31:09+00:00\" \/>\n<script type=\"application\/ld+json\" class=\"yoast-schema-graph\">{\"@context\":\"https:\\\/\\\/schema.org\",\"@graph\":[{\"@type\":\"WebPage\",\"@id\":\"https:\\\/\\\/schulen-rommerskirchen.de\\\/gillbachschule\\\/schulleben\\\/schulsozialarbeit\\\/\",\"url\":\"https:\\\/\\\/schulen-rommerskirchen.de\\\/gillbachschule\\\/schulleben\\\/schulsozialarbeit\\\/\",\"name\":\"Schulsozialarbeit - Gillbachschule\",\"isPartOf\":{\"@id\":\"https:\\\/\\\/schulen-rommerskirchen.de\\\/gillbachschule\\\/#website\"},\"datePublished\":\"2021-08-06T11:46:44+00:00\",\"dateModified\":\"2024-06-11T08:31:09+00:00\",\"breadcrumb\":{\"@id\":\"https:\\\/\\\/schulen-rommerskirchen.de\\\/gillbachschule\\\/schulleben\\\/schulsozialarbeit\\\/#breadcrumb\"},\"inLanguage\":\"de\",\"potentialAction\":[{\"@type\":\"ReadAction\",\"target\":[\"https:\\\/\\\/schulen-rommerskirchen.de\\\/gillbachschule\\\/schulleben\\\/schulsozialarbeit\\\/\"]}]},{\"@type\":\"BreadcrumbList\",\"@id\":\"https:\\\/\\\/schulen-rommerskirchen.de\\\/gillbachschule\\\/schulleben\\\/schulsozialarbeit\\\/#breadcrumb\",\"itemListElement\":[{\"@type\":\"ListItem\",\"position\":1,\"name\":\"Startseite\",\"item\":\"https:\\\/\\\/schulen-rommerskirchen.de\\\/gillbachschule\\\/\"},{\"@type\":\"ListItem\",\"position\":2,\"name\":\"Schulleben\",\"item\":\"https:\\\/\\\/schulen-rommerskirchen.de\\\/gillbachschule\\\/schulleben\\\/\"},{\"@type\":\"ListItem\",\"position\":3,\"name\":\"Schulsozialarbeit\"}]},{\"@type\":\"WebSite\",\"@id\":\"https:\\\/\\\/schulen-rommerskirchen.de\\\/gillbachschule\\\/#website\",\"url\":\"https:\\\/\\\/schulen-rommerskirchen.de\\\/gillbachschule\\\/\",\"name\":\"Gillbachschule\",\"description\":\"Schule in Rommerskirchen\",\"publisher\":{\"@id\":\"https:\\\/\\\/schulen-rommerskirchen.de\\\/gillbachschule\\\/#organization\"},\"potentialAction\":[{\"@type\":\"SearchAction\",\"target\":{\"@type\":\"EntryPoint\",\"urlTemplate\":\"https:\\\/\\\/schulen-rommerskirchen.de\\\/gillbachschule\\\/?s={search_term_string}\"},\"query-input\":{\"@type\":\"PropertyValueSpecification\",\"valueRequired\":true,\"valueName\":\"search_term_string\"}}],\"inLanguage\":\"de\"},{\"@type\":\"Organization\",\"@id\":\"https:\\\/\\\/schulen-rommerskirchen.de\\\/gillbachschule\\\/#organization\",\"name\":\"Gillbachschule\",\"url\":\"https:\\\/\\\/schulen-rommerskirchen.de\\\/gillbachschule\\\/\",\"logo\":{\"@type\":\"ImageObject\",\"inLanguage\":\"de\",\"@id\":\"https:\\\/\\\/schulen-rommerskirchen.de\\\/gillbachschule\\\/#\\\/schema\\\/logo\\\/image\\\/\",\"url\":\"https:\\\/\\\/schulen-rommerskirchen.de\\\/gillbachschule\\\/wp-content\\\/uploads\\\/sites\\\/2\\\/2021\\\/08\\\/logo_gillbachschule.png\",\"contentUrl\":\"https:\\\/\\\/schulen-rommerskirchen.de\\\/gillbachschule\\\/wp-content\\\/uploads\\\/sites\\\/2\\\/2021\\\/08\\\/logo_gillbachschule.png\",\"width\":300,\"height\":293,\"caption\":\"Gillbachschule\"},\"image\":{\"@id\":\"https:\\\/\\\/schulen-rommerskirchen.de\\\/gillbachschule\\\/#\\\/schema\\\/logo\\\/image\\\/\"}}]}<\/script>\n<!-- \/ Yoast SEO plugin. -->","yoast_head_json":{"title":"Schulsozialarbeit - Gillbachschule","robots":{"index":"index","follow":"follow","max-snippet":"max-snippet:-1","max-image-preview":"max-image-preview:large","max-video-preview":"max-video-preview:-1"},"canonical":"https:\/\/schulen-rommerskirchen.de\/gillbachschule\/schulleben\/schulsozialarbeit\/","og_locale":"de_DE","og_type":"article","og_title":"Schulsozialarbeit - Gillbachschule","og_description":"Schulsozialarbeit an der Gillbachschule Liebe Eltern und Erziehungsberechtigte, ich m\u00f6chte mich gerne als Schulsozialarbeiterin der Gillbachschule vorstellen. Mein Name ist Simone Sch\u00fcrmann und ich bin Montag-Donnerstag von 09:00 - 13:00 Uhr an der Schule vor Ort. Hier f\u00fchre ich Projekte zum sozialen Lernen mit ganzen Klassen oder in Kleingruppen durch und biete auch eine Sprechstunden [&hellip;]","og_url":"https:\/\/schulen-rommerskirchen.de\/gillbachschule\/schulleben\/schulsozialarbeit\/","og_site_name":"Gillbachschule","article_modified_time":"2024-06-11T08:31:09+00:00","schema":{"@context":"https:\/\/schema.org","@graph":[{"@type":"WebPage","@id":"https:\/\/schulen-rommerskirchen.de\/gillbachschule\/schulleben\/schulsozialarbeit\/","url":"https:\/\/schulen-rommerskirchen.de\/gillbachschule\/schulleben\/schulsozialarbeit\/","name":"Schulsozialarbeit - Gillbachschule","isPartOf":{"@id":"https:\/\/schulen-rommerskirchen.de\/gillbachschule\/#website"},"datePublished":"2021-08-06T11:46:44+00:00","dateModified":"2024-06-11T08:31:09+00:00","breadcrumb":{"@id":"https:\/\/schulen-rommerskirchen.de\/gillbachschule\/schulleben\/schulsozialarbeit\/#breadcrumb"},"inLanguage":"de","potentialAction":[{"@type":"ReadAction","target":["https:\/\/schulen-rommerskirchen.de\/gillbachschule\/schulleben\/schulsozialarbeit\/"]}]},{"@type":"BreadcrumbList","@id":"https:\/\/schulen-rommerskirchen.de\/gillbachschule\/schulleben\/schulsozialarbeit\/#breadcrumb","itemListElement":[{"@type":"ListItem","position":1,"name":"Startseite","item":"https:\/\/schulen-rommerskirchen.de\/gillbachschule\/"},{"@type":"ListItem","position":2,"name":"Schulleben","item":"https:\/\/schulen-rommerskirchen.de\/gillbachschule\/schulleben\/"},{"@type":"ListItem","position":3,"name":"Schulsozialarbeit"}]},{"@type":"WebSite","@id":"https:\/\/schulen-rommerskirchen.de\/gillbachschule\/#website","url":"https:\/\/schulen-rommerskirchen.de\/gillbachschule\/","name":"Gillbachschule","description":"Schule in Rommerskirchen","publisher":{"@id":"https:\/\/schulen-rommerskirchen.de\/gillbachschule\/#organization"},"potentialAction":[{"@type":"SearchAction","target":{"@type":"EntryPoint","urlTemplate":"https:\/\/schulen-rommerskirchen.de\/gillbachschule\/?s={search_term_string}"},"query-input":{"@type":"PropertyValueSpecification","valueRequired":true,"valueName":"search_term_string"}}],"inLanguage":"de"},{"@type":"Organization","@id":"https:\/\/schulen-rommerskirchen.de\/gillbachschule\/#organization","name":"Gillbachschule","url":"https:\/\/schulen-rommerskirchen.de\/gillbachschule\/","logo":{"@type":"ImageObject","inLanguage":"de","@id":"https:\/\/schulen-rommerskirchen.de\/gillbachschule\/#\/schema\/logo\/image\/","url":"https:\/\/schulen-rommerskirchen.de\/gillbachschule\/wp-content\/uploads\/sites\/2\/2021\/08\/logo_gillbachschule.png","contentUrl":"https:\/\/schulen-rommerskirchen.de\/gillbachschule\/wp-content\/uploads\/sites\/2\/2021\/08\/logo_gillbachschule.png","width":300,"height":293,"caption":"Gillbachschule"},"image":{"@id":"https:\/\/schulen-rommerskirchen.de\/gillbachschule\/#\/schema\/logo\/image\/"}}]}},"publishpress_future_action":{"enabled":false,"date":"2026-05-14 15:53:18","action":"change-status","newStatus":"draft","terms":[],"taxonomy":"","extraData":[]},"publishpress_future_workflow_manual_trigger":{"enabledWorkflows":[]},"_links":{"self":[{"href":"https:\/\/schulen-rommerskirchen.de\/gillbachschule\/wp-json\/wp\/v2\/pages\/79","targetHints":{"allow":["GET"]}}],"collection":[{"href":"https:\/\/schulen-rommerskirchen.de\/gillbachschule\/wp-json\/wp\/v2\/pages"}],"about":[{"href":"https:\/\/schulen-rommerskirchen.de\/gillbachschule\/wp-json\/wp\/v2\/types\/page"}],"author":[{"embeddable":true,"href":"https:\/\/schulen-rommerskirchen.de\/gillbachschule\/wp-json\/wp\/v2\/users\/1"}],"replies":[{"embeddable":true,"href":"https:\/\/schulen-rommerskirchen.de\/gillbachschule\/wp-json\/wp\/v2\/comments?post=79"}],"version-history":[{"count":11,"href":"https:\/\/schulen-rommerskirchen.de\/gillbachschule\/wp-json\/wp\/v2\/pages\/79\/revisions"}],"predecessor-version":[{"id":2079,"href":"https:\/\/schulen-rommerskirchen.de\/gillbachschule\/wp-json\/wp\/v2\/pages\/79\/revisions\/2079"}],"up":[{"embeddable":true,"href":"https:\/\/schulen-rommerskirchen.de\/gillbachschule\/wp-json\/wp\/v2\/pages\/58"}],"wp:attachment":[{"href":"https:\/\/schulen-rommerskirchen.de\/gillbachschule\/wp-json\/wp\/v2\/media?parent=79"}],"curies":[{"name":"wp","href":"https:\/\/api.w.org\/{rel}","templated":true}]}}